{"id":995,"date":"2024-10-08T12:35:14","date_gmt":"2024-10-08T12:35:14","guid":{"rendered":"https:\/\/eacem.org\/2024\/?page_id=995"},"modified":"2024-10-25T14:07:42","modified_gmt":"2024-10-25T14:07:42","slug":"acil-mikrofon","status":"publish","type":"page","link":"https:\/\/eacem.org\/2024\/acil-mikrofon\/","title":{"rendered":"Acil Mikrofon"},"content":{"rendered":"\t\t<div data-elementor-type=\"wp-page\" data-elementor-id=\"995\" class=\"elementor elementor-995\" data-elementor-post-type=\"page\">\n\t\t\t\t<div class=\"elementor-element elementor-element-2edc61d e-con-full e-flex e-con e-parent\" data-id=\"2edc61d\" data-element_type=\"container\">\n\t\t<div class=\"elementor-element elementor-element-fe7c8d3 e-con-full e-flex e-con e-child\" data-id=\"fe7c8d3\" data-element_type=\"container\">\n\t\t\t\t<div class=\"elementor-element elementor-element-0b698d4 elementor-widget elementor-widget-heading\" data-id=\"0b698d4\" data-element_type=\"widget\" data-widget_type=\"heading.default\">\n\t\t\t\t<div class=\"elementor-widget-container\">\n\t\t\t\t\t<h4 class=\"elementor-heading-title elementor-size-default\">TATD Kongresi\u2019nde Konu\u015fmac\u0131 Olmak \u0130ster misiniz?<\/h4>\t\t\t\t<\/div>\n\t\t\t\t<\/div>\n\t\t\t\t<div class=\"elementor-element elementor-element-b607892 elementor-widget elementor-widget-text-editor\" data-id=\"b607892\" data-element_type=\"widget\" data-widget_type=\"text-editor.default\">\n\t\t\t\t<div class=\"elementor-widget-container\">\n\t\t\t\t\t\t\t\t\t<p><span style=\"font-family: inherit; font-size: inherit; font-style: inherit; font-variant-ligatures: inherit; font-variant-caps: inherit; font-weight: inherit; text-align: var(--text-align); background-color: var(--has-background, var(--theme-palette-color-8)); color: var(--theme-text-color); letter-spacing: var(--theme-letter-spacing); text-transform: var(--theme-text-transform);\">T\u00fcrkiye Acil T\u0131p Derne\u011fi \u00fcyesi ve uzmanl\u0131\u011f\u0131n\u0131n ilk 5 y\u0131l\u0131nda olan Acil T\u0131p Uzman\u0131, \u00d6\u011fretim Eleman\u0131 ve \u00d6\u011fretim \u00dcyelerini \u201cAcil Mikrofon\u201d oturumuna bekliyoruz. Ba\u015fvurmak isteyen adaylar, acil t\u0131p alan\u0131n\u0131 geli\u015ftirmeye y\u00f6nelik herhangi bir konuda yapaca\u011f\u0131 yenilik getiren bir konu\u015fma ile bilimsel programa dahil olabilme f\u0131rsat\u0131 yakalayabilecekler. Acil Mikrofon panelinin bu y\u0131lki temas\u0131 \u201cGelece\u011fin Acil Servisleri\u201d.<\/span><\/p><p><span style=\"font-family: inherit; font-size: inherit; font-style: inherit; font-variant-ligatures: inherit; font-variant-caps: inherit; font-weight: inherit; text-align: var(--text-align); background-color: var(--has-background, var(--theme-palette-color-8)); color: var(--theme-text-color); letter-spacing: var(--theme-letter-spacing); text-transform: var(--theme-text-transform);\">Adaylar haz\u0131rlayacaklar\u0131 10 dakikal\u0131k bir sunum videosu ve konu\u015fma i\u00e7eri\u011finin acil t\u0131p alan\u0131na nas\u0131l bir katk\u0131 sa\u011flayaca\u011f\u0131n\u0131 a\u00e7\u0131klayan bir ama\u00e7 mektubu ile info@eacem.org adresine <strong>28.10.2024<\/strong>, saat <strong>17.00<\/strong>\u2019ye kadar ba\u015fvurabilirler.\u00a0<\/span><\/p><p><span style=\"font-family: inherit; font-size: inherit; font-style: inherit; font-variant-ligatures: inherit; font-variant-caps: inherit; font-weight: inherit; text-align: var(--text-align); background-color: var(--has-background, var(--theme-palette-color-8)); color: var(--theme-text-color); letter-spacing: var(--theme-letter-spacing); text-transform: var(--theme-text-transform);\">Konu\u015fma videolar\u0131 bir j\u00fcri de\u011ferlendirilmesinden ge\u00e7erek j\u00fcriden en y\u00fcksek puan alan 3 aday\u0131n kongre kat\u0131l\u0131m ve Selectum Luxury Resort Belek\u2019te konaklama masra\ufb02ar\u0131 T\u00fcrkiye Acil T\u0131p Derne\u011fi taraf\u0131ndan kar\u015f\u0131lanacakt\u0131r. Bilimsel programa dahil edilmeye hak kazanan adaylar, TATKON 2024 \u2013 Acil Mikrofon oturumunda 15 dakikal\u0131k bir konu\u015fma yapacaklard\u0131r.\u00a0<\/span><\/p><h4><span style=\"font-family: inherit; font-size: inherit; font-style: inherit; font-variant-ligatures: inherit; font-variant-caps: inherit; font-weight: inherit; text-align: var(--text-align); background-color: var(--has-background, var(--theme-palette-color-8)); color: var(--theme-text-color); letter-spacing: var(--theme-letter-spacing); text-transform: var(--theme-text-transform);\">Kat\u0131l\u0131m Kriterleri\u00a0<\/span><\/h4><ul><li>Uzmanl\u0131\u011f\u0131n\u0131n ilk 5 y\u0131l\u0131nda olan Acil T\u0131p Uzman\u0131, \u00d6\u011fretim Eleman\u0131 veya \u00d6\u011fretim \u00dcyesi olmak<\/li><li>TATD \u00fcyesi olmak ve derne\u011fe aidat borcu bulunmamak<\/li><li>Daha \u00f6nce Acil Mikrofon panelinde konu\u015fma yapm\u0131\u015f olmamak<\/li><li>Kongre bilimsel program\u0131nda g\u00f6revi olmamak<\/li><\/ul>\t\t\t\t\t\t\t\t<\/div>\n\t\t\t\t<\/div>\n\t\t\t\t<\/div>\n\t\t<div class=\"elementor-element elementor-element-ed1f962 e-con-full e-flex e-con e-child\" data-id=\"ed1f962\" data-element_type=\"container\">\n\t\t\t\t<div class=\"elementor-element elementor-element-f04a410 elementor-widget elementor-widget-image\" data-id=\"f04a410\" data-element_type=\"widget\" data-widget_type=\"image.default\">\n\t\t\t\t<div class=\"elementor-widget-container\">\n\t\t\t\t\t\t\t\t\t\t\t\t\t\t\t<img fetchpriority=\"high\" decoding=\"async\" width=\"1024\" height=\"1024\" src=\"https:\/\/eacem.org\/2024\/wp-content\/uploads\/2024\/10\/TADKON-EACEM-2024-acil-mikrofon-uzatma-1024x1024.jpg\" class=\"attachment-large size-large wp-image-2116\" alt=\"\" srcset=\"https:\/\/eacem.org\/2024\/wp-content\/uploads\/2024\/10\/TADKON-EACEM-2024-acil-mikrofon-uzatma-1024x1024.jpg 1024w, https:\/\/eacem.org\/2024\/wp-content\/uploads\/2024\/10\/TADKON-EACEM-2024-acil-mikrofon-uzatma-300x300.jpg 300w, https:\/\/eacem.org\/2024\/wp-content\/uploads\/2024\/10\/TADKON-EACEM-2024-acil-mikrofon-uzatma-150x150.jpg 150w, https:\/\/eacem.org\/2024\/wp-content\/uploads\/2024\/10\/TADKON-EACEM-2024-acil-mikrofon-uzatma-768x768.jpg 768w, https:\/\/eacem.org\/2024\/wp-content\/uploads\/2024\/10\/TADKON-EACEM-2024-acil-mikrofon-uzatma-12x12.jpg 12w, https:\/\/eacem.org\/2024\/wp-content\/uploads\/2024\/10\/TADKON-EACEM-2024-acil-mikrofon-uzatma.jpg 1080w\" sizes=\"(max-width: 1024px) 100vw, 1024px\" \/>\t\t\t\t\t\t\t\t\t\t\t\t\t\t\t<\/div>\n\t\t\t\t<\/div>\n\t\t\t\t<\/div>\n\t\t\t\t<\/div>\n\t\t\t\t<\/div>\n\t\t","protected":false},"excerpt":{"rendered":"<p>TATD Kongresi\u2019nde Konu\u015fmac\u0131 Olmak \u0130ster misiniz? T\u00fcrkiye Acil T\u0131p Derne\u011fi \u00fcyesi ve uzmanl\u0131\u011f\u0131n\u0131n ilk 5 y\u0131l\u0131nda olan Acil T\u0131p Uzman\u0131, \u00d6\u011fretim Eleman\u0131 ve \u00d6\u011fretim \u00dcyelerini \u201cAcil Mikrofon\u201d oturumuna bekliyoruz. Ba\u015fvurmak isteyen adaylar, acil t\u0131p alan\u0131n\u0131 geli\u015ftirmeye y\u00f6nelik herhangi bir konuda yapaca\u011f\u0131 yenilik getiren bir konu\u015fma ile bilimsel programa dahil olabilme f\u0131rsat\u0131 yakalayabilecekler. Acil Mikrofon panelinin [&hellip;]<\/p>\n","protected":false},"author":1,"featured_media":0,"parent":0,"menu_order":0,"comment_status":"closed","ping_status":"closed","template":"","meta":{"_eb_attr":"","footnotes":""},"class_list":["post-995","page","type-page","status-publish","hentry"],"blocksy_meta":[],"_links":{"self":[{"href":"https:\/\/eacem.org\/2024\/wp-json\/wp\/v2\/pages\/995","targetHints":{"allow":["GET"]}}],"collection":[{"href":"https:\/\/eacem.org\/2024\/wp-json\/wp\/v2\/pages"}],"about":[{"href":"https:\/\/eacem.org\/2024\/wp-json\/wp\/v2\/types\/page"}],"author":[{"embeddable":true,"href":"https:\/\/eacem.org\/2024\/wp-json\/wp\/v2\/users\/1"}],"replies":[{"embeddable":true,"href":"https:\/\/eacem.org\/2024\/wp-json\/wp\/v2\/comments?post=995"}],"version-history":[{"count":19,"href":"https:\/\/eacem.org\/2024\/wp-json\/wp\/v2\/pages\/995\/revisions"}],"predecessor-version":[{"id":2119,"href":"https:\/\/eacem.org\/2024\/wp-json\/wp\/v2\/pages\/995\/revisions\/2119"}],"wp:attachment":[{"href":"https:\/\/eacem.org\/2024\/wp-json\/wp\/v2\/media?parent=995"}],"curies":[{"name":"wp","href":"https:\/\/api.w.org\/{rel}","templated":true}]}}