{"id":2404,"date":"2024-10-31T07:03:32","date_gmt":"2024-10-31T07:03:32","guid":{"rendered":"https:\/\/eacem.org\/2024\/?page_id=2404"},"modified":"2024-11-13T11:24:30","modified_gmt":"2024-11-13T11:24:30","slug":"kod-acil-simulasyon-yarismasi","status":"publish","type":"page","link":"https:\/\/eacem.org\/2024\/kod-acil-simulasyon-yarismasi\/","title":{"rendered":"Kod: Acil &#8211; Sim\u00fclasyon Yar\u0131\u015fmas\u0131"},"content":{"rendered":"\t\t<div data-elementor-type=\"wp-page\" data-elementor-id=\"2404\" class=\"elementor elementor-2404\" data-elementor-post-type=\"page\">\n\t\t\t\t<div class=\"elementor-element elementor-element-2edc61d e-con-full e-flex e-con e-parent\" data-id=\"2edc61d\" data-element_type=\"container\">\n\t\t<div class=\"elementor-element elementor-element-fe7c8d3 e-con-full e-flex e-con e-child\" data-id=\"fe7c8d3\" data-element_type=\"container\">\n\t\t\t\t<div class=\"elementor-element elementor-element-0b698d4 elementor-widget elementor-widget-heading\" data-id=\"0b698d4\" data-element_type=\"widget\" data-widget_type=\"heading.default\">\n\t\t\t\t<div class=\"elementor-widget-container\">\n\t\t\t\t\t<h4 class=\"elementor-heading-title elementor-size-default\">Hakk\u0131nda<\/h4>\t\t\t\t<\/div>\n\t\t\t\t<\/div>\n\t\t\t\t<div class=\"elementor-element elementor-element-b607892 elementor-widget elementor-widget-text-editor\" data-id=\"b607892\" data-element_type=\"widget\" data-widget_type=\"text-editor.default\">\n\t\t\t\t<div class=\"elementor-widget-container\">\n\t\t\t\t\t\t\t\t\t<p><strong>&#8220;Kritik hastalar, kritik kararlar! Zamanla yar\u0131\u015f, ba\u015far\u0131ya ula\u015f! Sim\u00fclasyonla s\u0131n\u0131rlar\u0131n\u0131 zorla!&#8221;<\/strong><\/p><p><span style=\"font-family: inherit; font-size: inherit; font-style: inherit; font-variant-ligatures: inherit; font-variant-caps: inherit; font-weight: inherit; text-align: var(--text-align); background-color: var(--has-background, var(--theme-palette-color-8)); color: var(--theme-text-color); letter-spacing: var(--theme-letter-spacing); text-transform: var(--theme-text-transform);\">Sim\u00fclasyon Yar\u0131\u015fmas\u0131 &#8211; Kod: Acil, acil t\u0131p alan\u0131nda kritik becerileri geli\u015ftirmek ve e\u011flenceli bir rekabet ortam\u0131nda yetenekleri sergilemek amac\u0131yla d\u00fczenlenmektedir. Acil t\u0131pta sim\u00fclasyon, ger\u00e7ek hayatta kar\u015f\u0131la\u015f\u0131lacak karma\u015f\u0131k vakalar\u0131 ve ani karar verme gereksinimlerini g\u00fcvenli bir ortamda deneyimleme olana\u011f\u0131 sunar. Bu y\u00fczden sim\u00fclasyon, sa\u011fl\u0131k profesyonellerinin becerilerini geli\u015ftirmeleri, kritik durumlara h\u0131zl\u0131 ve do\u011fru m\u00fcdahale edebilmeleri i\u00e7in vazge\u00e7ilmez bir \u00f6\u011frenme arac\u0131d\u0131r. Sim\u00fclasyon Yar\u0131\u015fmas\u0131, bu \u00e7ok \u00f6nemli becerilerin prati\u011fini yaparken, kat\u0131l\u0131mc\u0131lara hem rekabetin hem de e\u011flencenin keyfini ya\u015fatmay\u0131 ama\u00e7lar.<\/span><\/p><p><span style=\"font-family: inherit; font-size: inherit; font-style: inherit; font-variant-ligatures: inherit; font-variant-caps: inherit; font-weight: inherit; text-align: var(--text-align); background-color: var(--has-background, var(--theme-palette-color-8)); color: var(--theme-text-color); letter-spacing: var(--theme-letter-spacing); text-transform: var(--theme-text-transform);\">Bu etkinlik, kat\u0131l\u0131mc\u0131lar\u0131 \u00e7e\u015fitli sim\u00fclasyon senaryolar\u0131nda yeteneklerini sergileyebilecekleri, oryantasyon ve adaptasyon s\u00fcreci gibi e\u011fitimlerle desteklenecek heyecan verici bir platform sunar. Acil t\u0131p doktorlar\u0131n\u0131n karma\u015f\u0131k vakalar\u0131 y\u00f6netme yeteneklerini geli\u015ftirirken, izleyiciler de bu s\u00fcreci heyecanla takip edebilir ve bilgi edinebilir. Yar\u0131\u015fma, kritik karar verme yeteneklerinin geli\u015ftirilmesi ve stresi y\u00f6netebilme becerilerinin \u00f6ne \u00e7\u0131kar\u0131lmas\u0131 a\u00e7\u0131s\u0131ndan \u00e7ok \u00f6nemlidir.<\/span><\/p><p><span style=\"font-family: inherit; font-size: inherit; font-style: inherit; font-variant-ligatures: inherit; font-variant-caps: inherit; font-weight: inherit; text-align: var(--text-align); background-color: var(--has-background, var(--theme-palette-color-8)); color: var(--theme-text-color); letter-spacing: var(--theme-letter-spacing); text-transform: var(--theme-text-transform);\">Bu yar\u0131\u015fma <\/span><strong style=\"font-family: inherit; font-size: inherit; font-style: inherit; font-variant-ligatures: inherit; font-variant-caps: inherit; text-align: var(--text-align); background-color: var(--has-background, var(--theme-palette-color-8)); color: var(--theme-text-color); letter-spacing: var(--theme-letter-spacing); text-decoration-line: ; text-transform: var(--theme-text-transform);\">SimX<\/strong><span style=\"font-family: inherit; font-size: inherit; font-style: inherit; font-variant-ligatures: inherit; font-variant-caps: inherit; font-weight: inherit; text-align: var(--text-align); background-color: var(--has-background, var(--theme-palette-color-8)); color: var(--theme-text-color); letter-spacing: var(--theme-letter-spacing); text-transform: var(--theme-text-transform);\"> T\u00fcrkiye Distrib\u00fct\u00f6r\u00fc <\/span><strong style=\"font-family: inherit; font-size: inherit; font-style: inherit; font-variant-ligatures: inherit; font-variant-caps: inherit; text-align: var(--text-align); background-color: var(--has-background, var(--theme-palette-color-8)); color: var(--theme-text-color); letter-spacing: var(--theme-letter-spacing); text-decoration-line: ; text-transform: var(--theme-text-transform);\">U\u011fur Sa\u011fl\u0131k Teknolojileri<\/strong><span style=\"font-family: inherit; font-size: inherit; font-style: inherit; font-variant-ligatures: inherit; font-variant-caps: inherit; font-weight: inherit; text-align: var(--text-align); background-color: var(--has-background, var(--theme-palette-color-8)); color: var(--theme-text-color); letter-spacing: var(--theme-letter-spacing); text-transform: var(--theme-text-transform);\">\u2019nin ko\u015fulsuz deste\u011fiyle yap\u0131lacakt\u0131r.<\/span><\/p>\t\t\t\t\t\t\t\t<\/div>\n\t\t\t\t<\/div>\n\t\t\t\t<\/div>\n\t\t<div class=\"elementor-element elementor-element-218712c e-con-full e-flex e-con e-child\" data-id=\"218712c\" data-element_type=\"container\">\n\t\t\t\t<div class=\"elementor-element elementor-element-a606d06 elementor-widget elementor-widget-image\" data-id=\"a606d06\" data-element_type=\"widget\" data-widget_type=\"image.default\">\n\t\t\t\t<div class=\"elementor-widget-container\">\n\t\t\t\t\t\t\t\t\t\t\t\t\t\t\t\t<a href=\"https:\/\/eacem.org\/2024\/wp-content\/uploads\/2024\/10\/kod-acil.jpeg\" data-elementor-open-lightbox=\"yes\" data-elementor-lightbox-title=\"kod-acil\" data-e-action-hash=\"#elementor-action%3Aaction%3Dlightbox%26settings%3DeyJpZCI6MjQwNywidXJsIjoiaHR0cHM6XC9cL2VhY2VtLm9yZ1wvMjAyNFwvd3AtY29udGVudFwvdXBsb2Fkc1wvMjAyNFwvMTBcL2tvZC1hY2lsLmpwZWcifQ%3D%3D\">\n\t\t\t\t\t\t\t<img fetchpriority=\"high\" decoding=\"async\" width=\"731\" height=\"1024\" src=\"https:\/\/eacem.org\/2024\/wp-content\/uploads\/2024\/10\/kod-acil-731x1024.jpeg\" class=\"attachment-large size-large wp-image-2407\" alt=\"\" srcset=\"https:\/\/eacem.org\/2024\/wp-content\/uploads\/2024\/10\/kod-acil-731x1024.jpeg 731w, https:\/\/eacem.org\/2024\/wp-content\/uploads\/2024\/10\/kod-acil-214x300.jpeg 214w, https:\/\/eacem.org\/2024\/wp-content\/uploads\/2024\/10\/kod-acil-107x150.jpeg 107w, https:\/\/eacem.org\/2024\/wp-content\/uploads\/2024\/10\/kod-acil-768x1076.jpeg 768w, https:\/\/eacem.org\/2024\/wp-content\/uploads\/2024\/10\/kod-acil-1096x1536.jpeg 1096w, https:\/\/eacem.org\/2024\/wp-content\/uploads\/2024\/10\/kod-acil-9x12.jpeg 9w, https:\/\/eacem.org\/2024\/wp-content\/uploads\/2024\/10\/kod-acil.jpeg 1142w\" sizes=\"(max-width: 731px) 100vw, 731px\" \/>\t\t\t\t\t\t\t\t<\/a>\n\t\t\t\t\t\t\t\t\t\t\t\t\t\t\t<\/div>\n\t\t\t\t<\/div>\n\t\t\t\t<div class=\"elementor-element elementor-element-9e8038a elementor-widget elementor-widget-text-editor\" data-id=\"9e8038a\" data-element_type=\"widget\" data-widget_type=\"text-editor.default\">\n\t\t\t\t<div class=\"elementor-widget-container\">\n\t\t\t\t\t\t\t\t\t<p><strong>Moderat\u00f6rler<\/strong><\/p><p>Dr. Faruk Dan\u0131\u015f<br \/>Dr. Emre Kudu<br \/>Dr. M\u00fcmin Murat Yaz\u0131c\u0131<\/p>\t\t\t\t\t\t\t\t<\/div>\n\t\t\t\t<\/div>\n\t\t\t\t<\/div>\n\t\t\t\t<\/div>\n\t\t<div class=\"elementor-element elementor-element-818e507 e-flex e-con-boxed e-con e-parent\" data-id=\"818e507\" data-element_type=\"container\">\n\t\t\t\t\t<div class=\"e-con-inner\">\n\t\t\t\t<div class=\"elementor-element elementor-element-81ca871 elementor-button-success elementor-align-justify elementor-widget elementor-widget-button\" data-id=\"81ca871\" data-element_type=\"widget\" data-widget_type=\"button.default\">\n\t\t\t\t<div class=\"elementor-widget-container\">\n\t\t\t\t\t\t\t\t\t<div class=\"elementor-button-wrapper\">\n\t\t\t\t\t<a class=\"elementor-button elementor-button-link elementor-size-sm\" href=\"https:\/\/docs.google.com\/forms\/d\/e\/1FAIpQLSd8oUwkhMeM6EZM2KQ8pPKCvtLONTKu6QEgUmv5lgRhmTjU2Q\/viewform\" target=\"_blank\">\n\t\t\t\t\t\t<span class=\"elementor-button-content-wrapper\">\n\t\t\t\t\t\t\t\t\t<span class=\"elementor-button-text\">BA\u015eVURU \u0130\u00c7\u0130N TIKLAYINIZ<\/span>\n\t\t\t\t\t<\/span>\n\t\t\t\t\t<\/a>\n\t\t\t\t<\/div>\n\t\t\t\t\t\t\t\t<\/div>\n\t\t\t\t<\/div>\n\t\t\t\t\t<\/div>\n\t\t\t\t<\/div>\n\t\t<div class=\"elementor-element elementor-element-961c6a6 e-flex e-con-boxed e-con e-parent\" data-id=\"961c6a6\" data-element_type=\"container\">\n\t\t\t\t\t<div class=\"e-con-inner\">\n\t\t\t\t<div class=\"elementor-element elementor-element-b6ec6f2 elementor-tabs-view-horizontal elementor-widget elementor-widget-tabs\" data-id=\"b6ec6f2\" data-element_type=\"widget\" data-widget_type=\"tabs.default\">\n\t\t\t\t<div class=\"elementor-widget-container\">\n\t\t\t\t\t\t\t<div class=\"elementor-tabs\">\n\t\t\t<div class=\"elementor-tabs-wrapper\" role=\"tablist\" >\n\t\t\t\t\t\t\t\t\t<div id=\"elementor-tab-title-1911\" class=\"elementor-tab-title elementor-tab-desktop-title\" aria-selected=\"true\" data-tab=\"1\" role=\"tab\" tabindex=\"0\" aria-controls=\"elementor-tab-content-1911\" aria-expanded=\"false\">Genel Kurallar<\/div>\n\t\t\t\t\t\t\t\t\t<div id=\"elementor-tab-title-1912\" class=\"elementor-tab-title elementor-tab-desktop-title\" aria-selected=\"false\" data-tab=\"2\" role=\"tab\" tabindex=\"-1\" aria-controls=\"elementor-tab-content-1912\" aria-expanded=\"false\">Oryantasyon ve Adaptasyon S\u00fcreci<\/div>\n\t\t\t\t\t\t\t\t\t<div id=\"elementor-tab-title-1913\" class=\"elementor-tab-title elementor-tab-desktop-title\" aria-selected=\"false\" data-tab=\"3\" role=\"tab\" tabindex=\"-1\" aria-controls=\"elementor-tab-content-1913\" aria-expanded=\"false\">Kimler Kat\u0131labilir?<\/div>\n\t\t\t\t\t\t\t\t\t<div id=\"elementor-tab-title-1914\" class=\"elementor-tab-title elementor-tab-desktop-title\" aria-selected=\"false\" data-tab=\"4\" role=\"tab\" tabindex=\"-1\" aria-controls=\"elementor-tab-content-1914\" aria-expanded=\"false\">J\u00fcri ve De\u011ferlendirme<\/div>\n\t\t\t\t\t\t\t<\/div>\n\t\t\t<div class=\"elementor-tabs-content-wrapper\" role=\"tablist\" aria-orientation=\"vertical\">\n\t\t\t\t\t\t\t\t\t<div class=\"elementor-tab-title elementor-tab-mobile-title\" aria-selected=\"true\" data-tab=\"1\" role=\"tab\" tabindex=\"0\" aria-controls=\"elementor-tab-content-1911\" aria-expanded=\"false\">Genel Kurallar<\/div>\n\t\t\t\t\t<div id=\"elementor-tab-content-1911\" class=\"elementor-tab-content elementor-clearfix\" data-tab=\"1\" role=\"tabpanel\" aria-labelledby=\"elementor-tab-title-1911\" tabindex=\"0\" hidden=\"false\"><ul><li>Ba\u015fvurular 30 Ekim 2024 ve 13 Kas\u0131m 2024 tarihleri aras\u0131nda yap\u0131labilecektir.<\/li><li>Kat\u0131l\u0131mc\u0131 tak\u0131mlar, kay\u0131t formunu doldurarak ba\u015fvuruda bulunmal\u0131d\u0131r.<\/li><li>Tak\u0131mlar 2 ki\u015fiden olu\u015fmal\u0131d\u0131r.<\/li><li>Tak\u0131m \u00fcyeleri ayn\u0131 klinikten olmal\u0131d\u0131r.<\/li><li>Yar\u0131\u015fmaya sadece acil t\u0131p uzmanl\u0131k \u00f6\u011frencileri kabul edilecektir.<\/li><li>Her klinik en fazla bir tak\u0131m ile yar\u0131\u015fmaya kat\u0131l\u0131r. Birden fazla ba\u015fvuru olmas\u0131 durumunda ba\u015fvuru zamanlamas\u0131 dikkate al\u0131nacakt\u0131r.<\/li><li>Yar\u0131\u015fmaya 20 tak\u0131m dahil edilecektir.<\/li><li>Yirmiden fazla ba\u015fvuru olmas\u0131 durumunda, ba\u015fvuru zaman\u0131na g\u00f6re s\u0131ralanarak ilk 20 tak\u0131m dahil edilecektir.<\/li><li>Tak\u0131m \u00fcyelerinin benzer k\u0131yafetler giyinmesi gerekmektedir (Ti\u015f\u00f6rt, scrubs, \u00f6zel tasar\u0131m vb).<\/li><li>Yar\u0131\u015fmaya kat\u0131lacak tak\u0131mlar, 14 Kas\u0131m 2024 Per\u015fembe g\u00fcn\u00fc a\u00e7\u0131klanacakt\u0131r.<\/li><li>Yar\u0131\u015fma \u00f6n elemeleri 15 Kas\u0131m 2024 Cuma g\u00fcn\u00fc Salon 6\u2019da ger\u00e7ekle\u015ftirilecektir.<\/li><li>\u00d6n elemeler sonras\u0131, ba\u015far\u0131l\u0131 olan 8 tak\u0131m eleme usul\u00fc yar\u0131\u015facakt\u0131r.<\/li><li>8 tak\u0131m tekli eliminasyon sistemiyle yar\u0131\u015facakt\u0131r.<\/li><li>Eliminasyon sistemindeki kar\u015f\u0131la\u015fmalar i\u00e7in yar\u0131\u015fma moderat\u00f6rleri taraf\u0131ndan \u00e7ekili\u015f yap\u0131larak kar\u015f\u0131la\u015fmalar belirlenecektir.<\/li><li>Final kar\u015f\u0131la\u015fmas\u0131 16 Kas\u0131m 2024 Cumartesi g\u00fcn\u00fc Innovem Zone&#8217;da yap\u0131lacakt\u0131r.<\/li><li>Yar\u0131\u015fmac\u0131lara kat\u0131l\u0131m formunda verdikleri e-mail veya telefon yoluyla ula\u015f\u0131larak bilgilendirmeler yap\u0131lacakt\u0131r.<\/li><li>T\u00fcm kat\u0131l\u0131mc\u0131lar b\u00fct\u00fcn kurallar\u0131 kabul etmi\u015f say\u0131l\u0131rlar.<\/li><li>Yar\u0131\u015fma moderat\u00f6rleri kurallar\u0131 de\u011fi\u015ftirme hakk\u0131na sahiptir.<\/li><\/ul><p>Sorular\u0131n\u0131z\u0131 <a href=\"mailto:kodacil@tatd.org.tr\">kodacil@tatd.org.tr<\/a> adresine e-mail atarak sorabilirsiniz.<\/p><\/div>\n\t\t\t\t\t\t\t\t\t<div class=\"elementor-tab-title elementor-tab-mobile-title\" aria-selected=\"false\" data-tab=\"2\" role=\"tab\" tabindex=\"-1\" aria-controls=\"elementor-tab-content-1912\" aria-expanded=\"false\">Oryantasyon ve Adaptasyon S\u00fcreci<\/div>\n\t\t\t\t\t<div id=\"elementor-tab-content-1912\" class=\"elementor-tab-content elementor-clearfix\" data-tab=\"2\" role=\"tabpanel\" aria-labelledby=\"elementor-tab-title-1912\" tabindex=\"0\" hidden=\"hidden\"><p>Yar\u0131\u015fmac\u0131lara, <strong>15 Kas\u0131m 2024 Cuma<\/strong> g\u00fcn\u00fc yar\u0131\u015fma \u00f6ncesinde cihaz ve sim\u00fclasyonlarla ilgili oryantasyon e\u011fitimi verilecektir. Her tak\u0131m\u0131n, belirlenen zaman dilimlerinde cihazlar\u0131 deneme ve adapte olma f\u0131rsat\u0131 olacakt\u0131r. Bu oryantasyon oturumlar\u0131, yar\u0131\u015fmac\u0131lar i\u00e7in avantaj sa\u011flayacak olup, kat\u0131l\u0131m zorunlu de\u011fildir.<\/p><p>Yar\u0131\u015fma s\u00fcresince yar\u0131\u015fmac\u0131lara sim\u00fclasyon i\u00e7erisinde oryantasyon deste\u011fi sa\u011flanacakt\u0131r.<\/p><\/div>\n\t\t\t\t\t\t\t\t\t<div class=\"elementor-tab-title elementor-tab-mobile-title\" aria-selected=\"false\" data-tab=\"3\" role=\"tab\" tabindex=\"-1\" aria-controls=\"elementor-tab-content-1913\" aria-expanded=\"false\">Kimler Kat\u0131labilir?<\/div>\n\t\t\t\t\t<div id=\"elementor-tab-content-1913\" class=\"elementor-tab-content elementor-clearfix\" data-tab=\"3\" role=\"tabpanel\" aria-labelledby=\"elementor-tab-title-1913\" tabindex=\"0\" hidden=\"hidden\"><ul><li>Yar\u0131\u015fmac\u0131lar, acil t\u0131pta uzmanl\u0131k \u00f6\u011frencisi olmal\u0131d\u0131r.<\/li><li>Her yar\u0131\u015fmac\u0131 sadece bir tak\u0131mda yer alabilir ve her tak\u0131m iki ki\u015fiden olu\u015fmal\u0131d\u0131r.<\/li><li>Her klinik en fazla bir tak\u0131m ile yar\u0131\u015fmaya kat\u0131l\u0131r.<\/li><li>Tak\u0131m \u00fcyeleri ayn\u0131 klinikten olmal\u0131d\u0131r.<\/li><\/ul><\/div>\n\t\t\t\t\t\t\t\t\t<div class=\"elementor-tab-title elementor-tab-mobile-title\" aria-selected=\"false\" data-tab=\"4\" role=\"tab\" tabindex=\"-1\" aria-controls=\"elementor-tab-content-1914\" aria-expanded=\"false\">J\u00fcri ve De\u011ferlendirme<\/div>\n\t\t\t\t\t<div id=\"elementor-tab-content-1914\" class=\"elementor-tab-content elementor-clearfix\" data-tab=\"4\" role=\"tabpanel\" aria-labelledby=\"elementor-tab-title-1914\" tabindex=\"0\" hidden=\"hidden\"><p>Elemeler, \u00e7eyrek final ve yar\u0131 finalde Faruk Dan\u0131\u015f, Emre Kudu ve M\u00fcmin Murat Yaz\u0131c\u0131 j\u00fcri \u00fcyeleri olarak yer alacakt\u0131r.<\/p><p>Final kar\u015f\u0131la\u015fmas\u0131nda yer alacak j\u00fcri \u00fcyeleri daha sonra ilan edilecektir.<\/p><p>Yar\u0131\u015fman\u0131n de\u011ferlendirmesi, her bir sim\u00fclasyon i\u00e7in moderat\u00f6rler taraf\u0131ndan \u00f6nceden belirlenmi\u015f kriterler do\u011frultusunda ger\u00e7ekle\u015ftirilecektir.<\/p><p>J\u00fcri \u00fcyeleri, her tak\u0131m\u0131n klinik ve klinik d\u0131\u015f\u0131 yetkinliklerini (clinic\/non-clinic skills) ayr\u0131nt\u0131l\u0131 olarak de\u011ferlendirerek kararlar\u0131n\u0131 olu\u015fturacaklard\u0131r.<\/p><\/div>\n\t\t\t\t\t\t\t<\/div>\n\t\t<\/div>\n\t\t\t\t\t\t<\/div>\n\t\t\t\t<\/div>\n\t\t\t\t\t<\/div>\n\t\t\t\t<\/div>\n\t\t<div class=\"elementor-element elementor-element-ccc619c e-flex e-con-boxed e-con e-parent\" data-id=\"ccc619c\" data-element_type=\"container\">\n\t\t\t\t\t<div class=\"e-con-inner\">\n\t\t<div class=\"elementor-element elementor-element-f8aa4e2 e-con-full e-flex e-con e-child\" data-id=\"f8aa4e2\" data-element_type=\"container\" data-settings=\"{&quot;background_background&quot;:&quot;classic&quot;}\">\n\t\t\t\t<div class=\"elementor-element elementor-element-83b8ae6 elementor-widget elementor-widget-heading\" data-id=\"83b8ae6\" data-element_type=\"widget\" data-widget_type=\"heading.default\">\n\t\t\t\t<div class=\"elementor-widget-container\">\n\t\t\t\t\t<h5 class=\"elementor-heading-title elementor-size-default\">\u00d6nemli Tarihler<\/h5>\t\t\t\t<\/div>\n\t\t\t\t<\/div>\n\t\t\t\t<div class=\"elementor-element elementor-element-2aeb66a elementor-widget elementor-widget-text-editor\" data-id=\"2aeb66a\" data-element_type=\"widget\" data-widget_type=\"text-editor.default\">\n\t\t\t\t<div class=\"elementor-widget-container\">\n\t\t\t\t\t\t\t\t\t<ul>\n<li>Ba\u015fvuru Ba\u015flang\u0131c\u0131: 30 Ekim 2024<\/li>\n<li>Ba\u015fvuru Biti\u015fi: 13 Kas\u0131m 2024<\/li>\n<li>Tak\u0131mlar\u0131n \u0130lan\u0131: 14 Kas\u0131m 2024<\/li>\n<li>Yar\u0131\u015fma Tarihi: <br>Elemeler: 15 Kas\u0131m 2024 \/ T\u00fcm G\u00fcn \/ Salon 4<br>Final: 16 Kas\u0131m 2024 \/ 16:15-16:45 \/ InnovEM Zone<\/li>\n<\/ul>\n<ul>\n<li>\u00d6d\u00fcllerin Takdimi: 16 Kas\u0131m 2024 \/ Gala Gecesi<\/li>\n<\/ul>\t\t\t\t\t\t\t\t<\/div>\n\t\t\t\t<\/div>\n\t\t\t\t<\/div>\n\t\t<div class=\"elementor-element elementor-element-19b5878 e-con-full e-flex e-con e-child\" data-id=\"19b5878\" data-element_type=\"container\" data-settings=\"{&quot;background_background&quot;:&quot;gradient&quot;}\">\n\t\t\t\t<div class=\"elementor-element elementor-element-ff3bf19 elementor-widget elementor-widget-heading\" data-id=\"ff3bf19\" data-element_type=\"widget\" data-widget_type=\"heading.default\">\n\t\t\t\t<div class=\"elementor-widget-container\">\n\t\t\t\t\t<h5 class=\"elementor-heading-title elementor-size-default\">\u00d6d\u00fcller<\/h5>\t\t\t\t<\/div>\n\t\t\t\t<\/div>\n\t\t\t\t<div class=\"elementor-element elementor-element-0ce51fd elementor-widget elementor-widget-text-editor\" data-id=\"0ce51fd\" data-element_type=\"widget\" data-widget_type=\"text-editor.default\">\n\t\t\t\t<div class=\"elementor-widget-container\">\n\t\t\t\t\t\t\t\t\t<p>Yar\u0131\u015fmada ba\u015far\u0131l\u0131 olan tak\u0131mlar \u00f6d\u00fcllendirilecektir:<\/p><ul><li>Birincilik \u00f6d\u00fcl\u00fc:<ul><li>TATD EACEM 2025 Kongresi ( Tak\u0131mdaki yar\u0131\u015fmac\u0131lara kay\u0131t ve konaklama).<\/li><li>1 Y\u0131ll\u0131k SimX Kullan\u0131m Lisans\u0131 (Tak\u0131m \u00fcyelerinin klini\u011fine).<\/li><\/ul><\/li><li>\u0130kincilik \u00f6d\u00fcl\u00fc:<ul><li>TATD Kurs G\u00fcnleri 2025 Kongresi (Tak\u0131mdaki yar\u0131\u015fmac\u0131lara kay\u0131t ve konaklama).<\/li><li>6 Ayl\u0131k SimX Kullan\u0131m Lisans\u0131 (Tak\u0131m \u00fcyelerinin klini\u011fine).<\/li><\/ul><\/li><li>\u0130zleyici \u00d6d\u00fcl\u00fc: Final kar\u015f\u0131la\u015fmas\u0131n\u0131n izleyicileri aras\u0131ndan yap\u0131lacak \u00e7ekili\u015f sonucunda:<ul><li>1 ki\u015fiye Apple Airpods.<\/li><\/ul><\/li><\/ul><h6><em>Kazanan \u00f6d\u00fcller devredilemez ve yaln\u0131zca ge\u00e7erli oldu\u011fu y\u0131l i\u00e7inde kullan\u0131labilir.<\/em><\/h6>\t\t\t\t\t\t\t\t<\/div>\n\t\t\t\t<\/div>\n\t\t\t\t<\/div>\n\t\t\t\t\t<\/div>\n\t\t\t\t<\/div>\n\t\t\t\t<\/div>\n\t\t","protected":false},"excerpt":{"rendered":"<p>Hakk\u0131nda &#8220;Kritik hastalar, kritik kararlar! Zamanla yar\u0131\u015f, ba\u015far\u0131ya ula\u015f! Sim\u00fclasyonla s\u0131n\u0131rlar\u0131n\u0131 zorla!&#8221; Sim\u00fclasyon Yar\u0131\u015fmas\u0131 &#8211; Kod: Acil, acil t\u0131p alan\u0131nda kritik becerileri geli\u015ftirmek ve e\u011flenceli bir rekabet ortam\u0131nda yetenekleri sergilemek amac\u0131yla d\u00fczenlenmektedir. Acil t\u0131pta sim\u00fclasyon, ger\u00e7ek hayatta kar\u015f\u0131la\u015f\u0131lacak karma\u015f\u0131k vakalar\u0131 ve ani karar verme gereksinimlerini g\u00fcvenli bir ortamda deneyimleme olana\u011f\u0131 sunar. Bu y\u00fczden sim\u00fclasyon, sa\u011fl\u0131k [&hellip;]<\/p>\n","protected":false},"author":1,"featured_media":0,"parent":0,"menu_order":0,"comment_status":"closed","ping_status":"closed","template":"","meta":{"_eb_attr":"","footnotes":""},"class_list":["post-2404","page","type-page","status-publish","hentry"],"blocksy_meta":[],"_links":{"self":[{"href":"https:\/\/eacem.org\/2024\/wp-json\/wp\/v2\/pages\/2404","targetHints":{"allow":["GET"]}}],"collection":[{"href":"https:\/\/eacem.org\/2024\/wp-json\/wp\/v2\/pages"}],"about":[{"href":"https:\/\/eacem.org\/2024\/wp-json\/wp\/v2\/types\/page"}],"author":[{"embeddable":true,"href":"https:\/\/eacem.org\/2024\/wp-json\/wp\/v2\/users\/1"}],"replies":[{"embeddable":true,"href":"https:\/\/eacem.org\/2024\/wp-json\/wp\/v2\/comments?post=2404"}],"version-history":[{"count":28,"href":"https:\/\/eacem.org\/2024\/wp-json\/wp\/v2\/pages\/2404\/revisions"}],"predecessor-version":[{"id":2807,"href":"https:\/\/eacem.org\/2024\/wp-json\/wp\/v2\/pages\/2404\/revisions\/2807"}],"wp:attachment":[{"href":"https:\/\/eacem.org\/2024\/wp-json\/wp\/v2\/media?parent=2404"}],"curies":[{"name":"wp","href":"https:\/\/api.w.org\/{rel}","templated":true}]}}