{"id":2099,"date":"2024-10-25T13:19:12","date_gmt":"2024-10-25T13:19:12","guid":{"rendered":"https:\/\/eacem.org\/2024\/?page_id=2099"},"modified":"2024-10-25T13:27:39","modified_gmt":"2024-10-25T13:27:39","slug":"cme-cpd-akreditasyonu","status":"publish","type":"page","link":"https:\/\/eacem.org\/2024\/cme-cpd-akreditasyonu\/","title":{"rendered":"CME-CPD Akreditasyonu"},"content":{"rendered":"\n<div class=\"wp-block-columns is-layout-flex wp-container-core-columns-is-layout-28f84493 wp-block-columns-is-layout-flex\">\n<div class=\"wp-block-column is-layout-flow wp-block-column-is-layout-flow\" style=\"flex-basis:66.66%\">\n<h4 class=\"wp-block-heading\"><strong>Akreditasyon Beyan\u0131<\/strong><br><strong>(UEMS\/EACCME) Avrupa S\u00fcrekli T\u0131p E\u011fitimi Akreditasyon Konseyi<\/strong><\/h4>\n<\/div>\n\n\n\n<div class=\"wp-block-column is-layout-flow wp-block-column-is-layout-flow\" style=\"flex-basis:33.33%\">\n<figure class=\"wp-block-image aligncenter size-full is-resized\"><img fetchpriority=\"high\" decoding=\"async\" width=\"568\" height=\"569\" src=\"https:\/\/eacem.org\/2024\/wp-content\/uploads\/2024\/10\/eaccme.png\" alt=\"\" class=\"wp-image-2104\" style=\"width:121px;height:auto\" srcset=\"https:\/\/eacem.org\/2024\/wp-content\/uploads\/2024\/10\/eaccme.png 568w, https:\/\/eacem.org\/2024\/wp-content\/uploads\/2024\/10\/eaccme-300x300.png 300w, https:\/\/eacem.org\/2024\/wp-content\/uploads\/2024\/10\/eaccme-150x150.png 150w, https:\/\/eacem.org\/2024\/wp-content\/uploads\/2024\/10\/eaccme-12x12.png 12w\" sizes=\"(max-width: 568px) 100vw, 568px\" \/><\/figure>\n<\/div>\n<\/div>\n\n\n\n<p><strong>10. Avrasya Acil T\u0131p Kongresi \/ 20. T\u00fcrk Acil T\u0131p Kongresi, <\/strong>Avrupa S\u00fcrekli T\u0131p E\u011fitimi Akreditasyon Konseyi (EACCME\u00ae) taraf\u0131ndan <strong>25,5 Avrupa CME kredisi (ECMEC\u00ae)<\/strong> ile akredite edilmi\u015ftir. Her t\u0131p uzman\u0131 yaln\u0131zca e\u011fitim faaliyetinde fiilen ge\u00e7irdi\u011fi saat kadar kredi talep etmelidir. EACCME, Avrupa T\u0131p Uzmanlar\u0131 Birli\u011fi\u2019nin (UEMS) bir kurumudur: <a href=\"http:\/\/www.uems.eu\" target=\"_blank\" rel=\"noreferrer noopener\">www.uems.eu<\/a><\/p>\n\n\n\n<p><strong>Amerikan T\u0131p Birli\u011fi (AMA)<\/strong><br>Avrupa T\u0131p Uzmanlar\u0131 Birli\u011fi ve Amerikan T\u0131p Birli\u011fi aras\u0131ndaki bir anla\u015fma do\u011frultusunda, hekimler EACCME kredilerini e\u015fde\u011fer say\u0131da AMA PRA Kategori 1 Kredisi\u2122&#8217;ne d\u00f6n\u00fc\u015ft\u00fcrebilir. EACCME kredisini AMA kredisini \u00e7evirmek i\u00e7in gerekli s\u00fcrece dair bilgiler i\u00e7in: <a href=\"http:\/\/www.ama-assn.org\" target=\"_blank\" rel=\"noreferrer noopener\">www.ama-assn.org<\/a><\/p>\n\n\n\n<p><strong>\u201cRoyal College of Physicians and Surgeons of Canada\u201d<\/strong><br>Kanada d\u0131\u015f\u0131nda ger\u00e7ekle\u015fen, ECMEC kredileri i\u00e7in UEMS-EACCME taraf\u0131ndan tan\u0131nan canl\u0131 e\u011fitim etkinlikleri, \u201cRoyal College of Physicians and Surgeons of Canada\u201d Sertifikasyon Program\u0131&#8217;n\u0131n (Section 1) Akredite Grup E\u011fitim Etkinlikleri olarak kabul edilir. Daha fazla bilgi i\u00e7in: <a href=\"http:\/\/www.royalcollege.ca\" target=\"_blank\" rel=\"noreferrer noopener\">www.royalcollege.ca<\/a><\/p>\n\n\n\n<p><strong>CME\/CPD Sertifikan\u0131z\u0131 Almak \u0130\u00e7in<\/strong> <br>CME\/CPD sertifikas\u0131, \u00e7evrimi\u00e7i de\u011ferlendirme ve kredi talep prosed\u00fcr\u00fcn\u00fc tamamlad\u0131ktan sonra eri\u015filebilir olacakt\u0131r.<\/p>\n","protected":false},"excerpt":{"rendered":"<p>Akreditasyon Beyan\u0131(UEMS\/EACCME) Avrupa S\u00fcrekli T\u0131p E\u011fitimi Akreditasyon Konseyi 10. Avrasya Acil T\u0131p Kongresi \/ 20. T\u00fcrk Acil T\u0131p Kongresi, Avrupa S\u00fcrekli T\u0131p E\u011fitimi Akreditasyon Konseyi (EACCME\u00ae) taraf\u0131ndan 25,5 Avrupa CME kredisi (ECMEC\u00ae) ile akredite edilmi\u015ftir. Her t\u0131p uzman\u0131 yaln\u0131zca e\u011fitim faaliyetinde fiilen ge\u00e7irdi\u011fi saat kadar kredi talep etmelidir. EACCME, Avrupa T\u0131p Uzmanlar\u0131 Birli\u011fi\u2019nin (UEMS) bir [&hellip;]<\/p>\n","protected":false},"author":1,"featured_media":0,"parent":0,"menu_order":0,"comment_status":"closed","ping_status":"closed","template":"","meta":{"_eb_attr":"","footnotes":""},"class_list":["post-2099","page","type-page","status-publish","hentry"],"blocksy_meta":[],"_links":{"self":[{"href":"https:\/\/eacem.org\/2024\/wp-json\/wp\/v2\/pages\/2099","targetHints":{"allow":["GET"]}}],"collection":[{"href":"https:\/\/eacem.org\/2024\/wp-json\/wp\/v2\/pages"}],"about":[{"href":"https:\/\/eacem.org\/2024\/wp-json\/wp\/v2\/types\/page"}],"author":[{"embeddable":true,"href":"https:\/\/eacem.org\/2024\/wp-json\/wp\/v2\/users\/1"}],"replies":[{"embeddable":true,"href":"https:\/\/eacem.org\/2024\/wp-json\/wp\/v2\/comments?post=2099"}],"version-history":[{"count":4,"href":"https:\/\/eacem.org\/2024\/wp-json\/wp\/v2\/pages\/2099\/revisions"}],"predecessor-version":[{"id":2105,"href":"https:\/\/eacem.org\/2024\/wp-json\/wp\/v2\/pages\/2099\/revisions\/2105"}],"wp:attachment":[{"href":"https:\/\/eacem.org\/2024\/wp-json\/wp\/v2\/media?parent=2099"}],"curies":[{"name":"wp","href":"https:\/\/api.w.org\/{rel}","templated":true}]}}